. What is the hundreds digit of y?
1
Let m(w) = -w**3 - 12*w**2 - 11*w + 6. Let y be m(-11). Suppose -c + 1 = -2*u, -5*c - u + 29 = -9. What is the units digit of y/21 - (-26)/c?
4
Let l be 2/5 - (-1041)/(-15). Let h be l/(9/(-3)) - 2. Suppose 7*a - 4*a = h. What is the units digit of a?
7
Suppose 0 = -19*j + j + 6930. What is the hundreds digit of j?
3
Suppose 4*m - 15 = -y + 58, y - 2*m = 49. What is the tens digit of y?
5
Suppose -4*v - 53 + 9 = 0. Let q = 23 + v. What is the tens digit of q?
1
Let q(r) = 2*r - 12. Let m be q(8). Suppose m*p + 3 = -17. Let a(c) = -c**3 - 5*c**2 - 3*c - 7. What is the units digit of a(p)?
8
Let k = 5 + 51. What is the tens digit of k?
5
Suppose -2*q - 21 = -5*q. What is the units digit of q?
7
Suppose g = -3*g - 68. Let y = 27 + g. What is the units digit of y?
0
Let d(c) = 2*c**2 - 5*c + 1 + 7 - c**2 - c. What is the units digit of d(7)?
5
Let z(g) = -g**3 - 2*g**2 + 5*g + 1. Suppose f = -f - 8. What is the units digit of z(f)?
3
Let j(s) = -2*s - 18. Let a(t) = -3*t - 19. Let l(g) = -4*a(g) + 5*j(g). Let m(c) = -c**2 + 11. Let k be m(0). What is the units digit of l(k)?
8
Suppose -26 - 61 = -4*g - 3*o, -5*o = -5. What is the tens digit of g?
2
Let s = 6 + -7. What is the units digit of (s/(-2))/(9/108)?
6
Let z(y) = 4*y**2 - 3*y - 9. What is the units digit of z(4)?
3
Let i(p) = 5*p**2 + 2*p + 1. Let l be i(-1). Suppose c = 1 - 5, 4*u + c + l = 0. Suppose 0*z - z + 2 = u. What is the units digit of z?
2
Let f(k) = -k**2 + 7*k - 4. Let p be ((-12)/9)/(1/6). Let w be 1 + (-4 - -1) - p. What is the units digit of f(w)?
2
Let f(w) = -w**2 + 2. Let a be f(-3). Let t = -4 - a. What is the units digit of (1 - 0)/(t/24)?
8
Let u = -5 + 35. What is the units digit of u?
0
Let k(o) = o**2 + 6*o + 7. Let s(d) = 2*d + 1. Let y be s(-3). Let m be k(y). Suppose m*n = -4*b + 68, -2*b + n = -5*b + 49. What is the units digit of b?
5
Let v be 5*21*24/28. Suppose -3*w - 18 = -2*t - 65, t = 5*w - v. What is the tens digit of w?
1
Let u(o) = -o**2 - 12*o + 1. Let f be u(-5). Suppose -5*m = -f + 1. What is the units digit of m?
7
Suppose -y - 4*r - 8 = -5*y, 4*y - 4 = 3*r. What is the units digit of (1 - y) + (-2 - -1)?
2
Suppose -3*s + s = 30. What is the units digit of (-3)/(-15) + (-372)/s?
5
What is the units digit of 5 - (-2 - (-4 + 1))?
4
Let p = -210 + 294. What is the tens digit of p?
8
Let d be (4/10)/(12/(-600)). What is the units digit of (-1)/((-4)/(-4)) - d?
9
Let a = -48 - -70. What is the tens digit of a?
2
Let d(o) = 6*o - 2 - o**2 + 2*o**2 + 1. Let r be d(-7). Let w(p) = p**2 - 3*p - 8. What is the units digit of w(r)?
0
Suppose -421 = -3*w - 0*u - 2*u, -w + 2*u = -135. What is the tens digit of w?
3
Suppose -5*q - 3 = 7. Let a be 5 + q + 1/1. Suppose -5*i = a*j - 18, 0*i + 2*i = -4*j + 12. What is the units digit of i?
2
Suppose -2*a + 74 = 4*d, 2*a + 34 = -0*d + 2*d. Let f be 9/(-6)*8/3. Let q = d + f. What is the tens digit of q?
1
Suppose -2*b = -3*r + 3 + 1, 3*r - 24 = -3*b. Suppose -3*g = -r*g. Suppose 2*q = 6 - g. What is the units digit of q?
3
Let j(y) = 6*y**2 - 5*y + 2. What is the hundreds digit of j(5)?
1
Let w(i) = i**2 - 8*i + 3. What is the units digit of w(8)?
3
Let o be 1/(((-15)/54)/(-5)). Suppose 2*z + v = -2*z + 4, -3*z + o = -3*v. What is the units digit of z?
2
Let u = -55 - -81. What is the tens digit of u?
2
Let m(n) = n + 9 - 4*n - 11 + 3. Let b(g) = g**2 - 5*g - 7. Let s be b(6). What is the units digit of m(s)?
4
Let k(p) = -44*p - 45. What is the tens digit of k(-5)?
7
Let f be 144/30 - (-2)/10. Suppose -f*w + 0*w = -5*h + 10, -5*w = -h - 14. What is the units digit of (0 + 2)/(h/21)?
7
Let u = -86 - -180. What is the units digit of u?
4
Let u(x) = -2*x**2 + 0*x**2 + 2*x**2 + 1 + 5*x**2 - x. What is the tens digit of u(2)?
1
Suppose 3*i = -15, -3*z + 5*i + 309 = z. What is the units digit of z?
1
Suppose -5*y + 990 = 4*y. What is the hundreds digit of y?
1
Let o(p) be the first derivative of p**4/4 + 11*p**3/3 + 4*p**2 + 13*p + 2. Let u be o(-10). Suppose -2*t - t + u = 0. What is the units digit of t?
1
Suppose -3*n - 5*j = -2, 2*j + 46 = 3*n + 9. Suppose i + 2*i + n = 0. What is the units digit of 5 + ((-12)/(-2))/i?
3
Let y be 12/(2 + -5) + -1. Let a = y - -4. What is the units digit of 10/(4 + 2/a)?
5
Let q be 89/3 + 14/(-21). Let d be -1 - 16 - (0 + 2). Let a = d + q. What is the tens digit of a?
1
Let i be 2*(-5)/((-15)/(-99)). Let o = 9 - -5. What is the units digit of (-4)/(-14) - i/o?
5
What is the tens digit of (-3*(-4)/(-18))/((-6)/1035)?
1
What is the units digit of (-18)/(1*(-8)/12)?
7
Let o(m) = m**3 - 6*m**2 + m - 4. Let f be o(6). Suppose -f*r = -39 + 1. What is the tens digit of r?
1
Let w(x) = x + 4. What is the units digit of w(-2)?
2
Let n = -31 - -57. What is the tens digit of n?
2
Suppose 2*b = 6*b - 76. What is the units digit of b?
9
Suppose 135 = 5*h + 3*o, 0 = -4*h - 0*h - 4*o + 100. What is the units digit of h?
0
What is the units digit of (-122)/(-4)*(0 - -2)?
1
Let m = 8 - 3. Let v(z) be the third derivative of z**4/6 - 7*z**3/6 + 7*z**2. What is the tens digit of v(m)?
1
What is the tens digit of 40 - 0*(-3)/12?
4
Let k(z) = -z**3 + 4*z**2 + 6*z - 3. Let o(f) = -f**3 + 3*f + 3. Let w be o(-2). Let i = 0 + w. What is the units digit of k(i)?
2
Let p = -39 - -72. Let i = p + -13. What is the tens digit of i?
2
What is the tens digit of (3/(-2))/(3/(-132)) - 0?
6
Let b = -2 - -5. Let u = 0 - b. Let k = 11 + u. What is the units digit of k?
8
Let l(c) = -6*c + 1 + 13*c - 2*c. What is the units digit of l(3)?
6
Let f(s) = 7*s - 1. Let t be f(5). Let r = t - -30. Suppose -r = -5*b + b. What is the tens digit of b?
1
Let a(i) = -i**3 + 6*i**2 + 5*i + 6. Let x be a(7). Let t be (36/10)/(x/(-20)). Let h = -4 + t. What is the units digit of h?
5
Suppose 33*j = 36*j - 138. What is the tens digit of j?
4
Suppose 0 = -5*p + 4*x + 289, 4*p - 108 = -5*x + 156. What is the tens digit of p?
6
Suppose 0 = -4*z - 19 + 143. What is the tens digit of z?
3
Let o(m) be the first derivative of 1/3*m**3 + 6*m**2 + 2 + 12*m. What is the units digit of o(-11)?
1
Let u(d) be the first derivative of -d**2/2 + 4*d + 1. What is the tens digit of u(-9)?
1
Suppose -4*a - 17 = -3*a + 3*g, -4*a - 4*g - 28 = 0. Let t(k) = -k. Let x be t(a). Suppose -x = 5*n - 7. What is the units digit of n?
1
Suppose -7*a + 6*a = -9. What is the units digit of a?
9
Suppose 2*m = 3*v + 38, -2*v = 3*m - 27 - 4. Let i = 32 - m. Let w = i - 6. What is the tens digit of w?
1
Suppose 20 = -4*m, 2*m + 3*m = -r - 21. Suppose -2*c = 2*d - 3*d - 22, 2*c + r*d = 32. What is the units digit of c?
2
Let u be (-2415)/(-49) - 4/14. Let l = -31 + u. What is the units digit of l?
8
What is the units digit of 148 - (136/(-36) + (-4)/18)?
2
Let t = -5 - -8. Let s(n) = n**3 + n**2 - n + 2. Let o be s(-2). Suppose o = y - t - 9. What is the units digit of y?
2
Suppose -27 = -2*a - 0*q + 5*q, 0 = 3*a + 2*q - 31. Let l = -8 + a. What is the units digit of l?
3
Suppose 2*x - 30 = -x. What is the tens digit of x?
1
Let a(b) = b**3 - 3*b**2 + b + 4. Let r be a(2). Let g = r - 0. What is the units digit of g?
2
Suppose 347 = 5*f - 2*t, -2*f + 13 + 117 = -3*t. What is the units digit of f?
1
Suppose -58 - 62 = -5*b. Suppose 0*s + 4*s = -16, 4*s = 4*m - b. Suppose -q + 17 = m. What is the units digit of q?
5
What is the tens digit of ((-12)/4)/(3/(-112))?
1
Suppose -5*t - 100 = -7*t. What is the units digit of t?
0
Suppose 2*s - 9 = 3. Let g = s - 1. What is the units digit of g?
5
Let r(c) = -49*c - 1. What is the tens digit of r(-2)?
9
Let v = 262 - 90. What is the units digit of v?
2
Let n(u) be the first derivative of 3*u**2 - u - 1. What is the units digit of n(1)?
5
Let z be 4/14 + 48/28. Let t be (-8)/(-12)*(19 + z). Suppose t - 35 = -3*h. What is the units digit of h?
7
Suppose 5*j = -p + 212 + 135, 5*j + 3*p - 351 = 0. What is the tens digit of j?
6
Suppose -2*r + 163 = -103. What is the tens digit of r?
3
Let d be ((-7)/(-2))/((-2)/(-4)). Suppose d = 4*b - 1. Suppose 18 = -f + 5*m, -2*m + m + b = -f. What is the units digit of f?
2
Suppose 0 = -6*x + 2*x. Suppose -5*d + 2*w + 208 = 0, x = -3*d + 2*w + 73 + 55. Let u = -29 + d. What is the tens digit of u?
1
Suppose -3*m - 28 + 101 = -4*a, -a + 3*m = 7. What is the u